-204 - -31535?
31331
In base 9, what is 7 + -7644?
-7636
In base 16, what is -9915 + 3?
-9912
In base 13, what is -1539 - 28?
-1564
In base 16, what is 18 + -c30?
-c18
In base 12, what is -9 + 1426?
1419
In base 11, what is -104102 - -2?
-104100
In base 15, what is 7a103 - 3?
7a100
In base 10, what is -122 + -2141?
-2263
In base 16, what is -440 + -f3?
-533
In base 14, what is 1 + -37c0?
-37bd
In base 7, what is -2 + 3225446?
3225444
In base 9, what is -512501 - 6?
-512507
In base 2, what is -100011100001100010111 + -100?
-100011100001100011011
In base 9, what is 20624 - -11?
20635
In base 11, what is -4 - 2119?
-2122
In base 16, what is 759fc - 0?
759fc
In base 8, what is -70 + 1716?
1626
In base 8, what is -1321 - 307?
-1630
In base 8, what is -6437010 - -4?
-6437004
In base 4, what is -3 + -1023221201?
-1023221210
In base 6, what is -13121 + 32?
-13045
In base 8, what is 6 - 14735?
-14727
In base 5, what is 103121 - 1143?
101423
In base 11, what is 23374 - 9?
23366
In base 10, what is -57932 - 48?
-57980
In base 4, what is 1 - -130312333?
130313000
In base 16, what is 6c1 - 363?
35e
In base 2, what is -10110011111001 - 1?
-10110011111010
In base 13, what is 1a90 + 22?
1ab2
In base 10, what is 5 - -13358?
13363
In base 16, what is -37 - de2a?
-de61
In base 6, what is 0 + 111012354?
111012354
In base 2, what is 100000110 - -10001110110?
10101111100
In base 14, what is -6c - -363?
2d5
In base 2, what is 10000101001011111 + 1001?
10000101001101000
In base 14, what is -b8 - b821?
-b8d9
In base 2, what is -101 - 1111111101000100000?
-1111111101000100101
In base 4, what is -3312102302 - 2?
-3312102310
In base 10, what is -13 - -23027?
23014
In base 9, what is -126 + 677?
551
In base 12, what is -15b47 + 2?
-15b45
In base 6, what is 5 + -13325105?
-13325100
In base 9, what is 3231 + -502?
2628
In base 2, what is 110010110001 + 10?
110010110011
In base 2, what is -1110100111010 + -100?
-1110100111110
In base 2, what is 10 + 10011011?
10011101
In base 12, what is -9246 - -4?
-9242
In base 16, what is c7b - e?
c6d
In base 15, what is -1425 + 6?
-141e
In base 5, what is -11222200 - 3?
-11222203
In base 10, what is 5 - 856?
-851
In base 9, what is -143 + -61?
-214
In base 6, what is -13 - -105215?
105202
In base 12, what is -15660 + 22?
-1563a
In base 15, what is 1b3 + a0?
263
In base 5, what is 114443422 + 1?
114443423
In base 11, what is -48 + 3246?
31a9
In base 4, what is -3300 + 2210?
-1030
In base 9, what is -30 + 1863?
1833
In base 4, what is -21 - -11130330?
11130303
In base 3, what is 1 + -10111000112012?
-10111000112011
In base 12, what is 4 + -8656?
-8652
In base 7, what is -13224264 + 1?
-13224263
In base 3, what is -11122101011020 + -10?
-11122101011100
In base 15, what is -1 + 1412?
1411
In base 9, what is 1758 - -1035?
2804
In base 14, what is -33 - -339da?
339a7
In base 16, what is -3 + -3e1cf?
-3e1d2
In base 6, what is -4042413 - -12?
-4042401
In base 4, what is 203201 - 23?
203112
In base 14, what is -573 - 982?
-1115
In base 10, what is 695 + -8?
687
In base 13, what is -4 - -1a732?
1a72b
In base 9, what is -21 + -27322?
-27343
In base 5, what is 31301 - 2340?
23411
In base 14, what is -6 + -b7b3?
-b7b9
In base 3, what is 10 - 12202000101?
-12202000021
In base 6, what is -12 + -431104?
-431120
In base 5, what is -42002412 + -1?
-42002413
In base 14, what is 29c80 + -5?
29c79
In base 15, what is 3b + 163?
19e
In base 12, what is -10 - 13741?
-13751
In base 10, what is -53 + -1327?
-1380
In base 15, what is b43 - 0?
b43
In base 11, what is 413 + -2858?
-2445
In base 16, what is -7fc64 + 0?
-7fc64
In base 8, what is 3704 - 10?
3674
In base 14, what is -27a + 16a?
-110
In base 5, what is 10042122 - -34?
10042211
In base 16, what is -fc9c - 6?
-fca2
In base 2, what is -10101 + 111100101000?
111100010011
In base 16, what is -a4 - f9?
-19d
In base 10, what is 0 + 3521?
3521
In base 15, what is cb + 1136?
1212
In base 2, what is -110111101110100 + 11?
-110111101110001
In base 2, what is -11 + -10001011001000110010?
-10001011001000110101
In base 5, what is -101 + 4203140?
4203034
In base 12, what is 3b9678b + -1?
3b9678a
In base 16, what is -bb5 + -43d?
-ff2
In base 2, what is -101 - 1001110110000?
-1001110110101
In base 7, what is -61556 + -60?
-61646
In base 2, what is 1011100 + -11110010100?
-11100111000
In base 10, what is 841 + 61?
902
In base 4, what is -100313 - -1?
-100312
In base 6, what is 3 + 32444?
32451
In base 2, what is 1111110110111000100 + -10?
1111110110111000010
In base 10, what is -29733 - 4?
-29737
In base 12, what is 147 - -352?
499
In base 11, what is -14459 + 3?
-14456
In base 9, what is -87 + 156?
58
In base 8, what is -417125 + -4?
-417131
In base 4, what is -10 - 11213203?
-11213213
In base 3, what is 22120120 + 10?
22120200
In base 4, what is 3 + -221030?
-221021
In base 14, what is -2cadd - -5?
-2cad8
In base 11, what is 76a773 + -1?
76a772
In base 9, what is 6287 - -4?
6302
In base 8, what is -5 - -62433?
62426
In base 5, what is 1 + -3302?
-3301
In base 6, what is 0 + 1043510?
1043510
In base 13, what is 110 - 165?
-55
In base 8, what is 470 + -123?
345
In base 2, what is -1010110001011 + 1?
-1010110001010
In base 3, what is 1010022112 + 20?
1010022202
In base 14, what is -521 + -c36?
-1357
In base 14, what is 5315 - -2?
5317
In base 10, what is -3649 - -96?
-3553
In base 7, what is -2342 + 2065?
-244
In base 3, what is -100 - -210012?
202212
In base 2, what is -100 + 110111000111111110?
110111000111111010
In base 8, what is 6 - 340146?
-340140
In base 15, what is -40d + -20?
-42d
In base 5, what is -22332 - 12333?
-40220
In base 16, what is 1fdc9 + 3?
1fdcc
In base 5, what is -10032343 + 0?
-10032343
In base 12, what is a14 - -170?
b84
In base 4, what is -12123 - -121?
-12002
In base 3, what is -11 + -2211?
-2222
In base 9, what is -32 - -1828?
1786
In base 14, what is -85c3 + 1d?
-85a4
In base 3, what is 21002 + 200012?
221021
In base 9, what is -10815 + -78?
-11004
In base 16, what is 17 + 11d6?
11ed
In base 5, what is 32 + 114124?
114211
In base 12, what is -11603 - 35?
-11638
In base 6, what is 3325 - 1?
3324
In base 2, what is -1001110000011000 + 101?
-1001110000010011
In base 14, what is -1d + 568?
549
In base 2, what is -10000010 + -10001010?
-100001100
In base 8, what is -1163 + 305?
-656
In base 9, what is 642126 - 5?
642121
In base 14, what is -42d2 + -5?
-42d7
In base 7, what is -104622 + -232?
-105154
In base 3, what is -2112112001012 + -10?
-2112112001022
In base 7, what is -11 + -310101?
-310112
In base 16, what is -143 - 288?
-3cb
In base 6, what is -2203 + -105?
-2312
In base 7, what is -2 - 36612?
-36614
In base 6, what is -1125344 + 50?
-1125254
In base 12, what is 138740 + 2?
138742
In base 8, what is 16471301 - -3?
16471304
In base 10, what is 6 - -94222?
94228
In base 12, what is -3 + 15979?
15976
In base 13, what is -12546c + -9?
-125478
In base 3, what is 2 - -2111110211?
2111110220
In base 12, what is 29 - -1b73?
1ba0
In base 4, what is 312 + -1331302?
-1330330
In base 15, what is 0 - 273cd?
-273cd
In base 8, what is -3114 - -32?
-3062
In base 10, what is 13 + -506848?
-506835
In base 10, what is -253870 + 10?
-253860
In base 14, what is 4 + 9d2c0?
9d2c4
In base 13, what is -638aa - -5?
-638a5
In base 4, what is -1103 + 20320?
13211
In base 10, what is 2098 - -4?
2102
In base 5, what is 42 + -41413?
-41321
In base 2, what is -100 - -100101010011011100?
100101010011011000
In base 15, what is -51 - 169?
-1ba
In base 8, what is 3271 - 6?
3263
In base 3, what is -1222 + -1000111012?
-1000120011
In base 8, what is 70652 + 1?
70653
In base 9, what is 824604 - -4?
824608
In base 6, what is 0 + -13314?
-13314
In base 8, what is -27643 + 7?
-27634
In base 13, what is 66 - 24b4?
-244b
In base 15, what is 5a6 - 6?
5a0
In base 11, what is -7696 - -23?
-7673
In base 6, what is -30330150 + 1?
-30330145
In base 12, what is 6 - 55264?
-5525a
In base 7, what is -2444 - 14?
-2461
In base 11, what is 3 - -7?
a
In base 3, what is -11221 + -2222?
-21220
In base 4, what is 333021 + -2?
333013
In base 7, what is 5361 - 612?
4446
In base 11, what is 187 + 7a?
256
In base 15, what is 408c9 - 14?
408b5
In base 4, what is 232131 + -111?
232020
In base 15, what is -243774 - 0?
-243774
In base 15, what is 1 + 8a3